{"id":1232,"date":"2010-12-20T18:59:59","date_gmt":"2010-12-20T18:59:59","guid":{"rendered":"https:\/\/arxiu.laciutatinvisible.coop\/?page_id=1232"},"modified":"2017-05-23T17:03:21","modified_gmt":"2017-05-23T17:03:21","slug":"col%c2%b7labora","status":"publish","type":"page","link":"https:\/\/arxiu.laciutatinvisible.coop\/?page_id=1232","title":{"rendered":"Col\u00b7labora"},"content":{"rendered":"<p>El Centre de Documentaci\u00f3 \u00e9s un projecte autogestionat, obert a tothom qui vulgui consular-ne el fons o agafar alguns materials en pr\u00e9stec, per\u00f2 tamb\u00e9 a qui hi vulgui col\u00b7laborar en tasques de classificaci\u00f3 o difusi\u00f3, dins d\u2019un projecte social obert a noves iniciatives.<\/p>\n<p><strong>Necessitats<\/strong><\/p>\n<p>Recentment em integrat dins el cedoc el <a href=\"https:\/\/arxiu.laciutatinvisible.coop\/?page_id=3470\">fons audiovisual de La Tele Pablo Molano Romero<\/a>, \u00a0aquest arxiu est\u00e0 format per cintes de VHS, DVD i CD. En el cas del VHS si coneixeu alg\u00fa que disposi de la tecnologia per a fer la transformaci\u00f3 a DVD o en digital per a guardar-ho en disc dur n\u2019estarem molt agra\u00efdes.<\/p>\n<p><strong>Finan\u00e7ament<\/strong><\/p>\n<p>El finan\u00e7ament dep\u00e8n de les persones que se\u2019n vulguin fer s\u00f2cies o d\u2019aportacions particulars puntuals. Per aix\u00f2, tothom qui ho desitgi est\u00e0 convidat a col\u00b7laborar en les tasques del Centre de Documentaci\u00f3 o a fer-se\u2019n soci, aportant una quota trimestral.<\/p>\n<p>Quota b\u00e0sica: 15 \u20ac\/trimestre<\/p>\n<p>Quota de suport: 30 \u20ac\/trimestre<\/p>\n<p><strong>Horaris<\/strong><\/p>\n<p>Ens trobar\u00e0s al local en els horaris seg\u00fcents:<\/p>\n<ul>\n<li>Dimarts: 17 a 19H<\/li>\n<\/ul>\n<ul>\n<li>Dijous: 17:00 a 19:00h<\/li>\n<\/ul>\n<p>Per a + info escriu a<\/p>\n<p><a href=\"mailto:arxiudelaciutat@gmail.com\">arxiudelaciutat@gmail.com<\/a><\/p>\n<p><a href=\"https:\/\/twitter.com\/ArxiuMovSocials\/\">@ArxiuMovSocials<\/a><\/p>\n<p>&nbsp;<\/p>\n<p>&nbsp;<\/p>\n","protected":false},"excerpt":{"rendered":"<p>El Centre de Documentaci\u00f3 \u00e9s un projecte autogestionat, obert a tothom qui vulgui consular-ne el fons o agafar alguns materials en pr\u00e9stec, per\u00f2 tamb\u00e9 a qui hi vulgui col\u00b7laborar en tasques de classificaci\u00f3 o difusi\u00f3, dins d\u2019un projecte social obert a noves iniciatives. Necessitats Recentment em integrat dins el cedoc el fons audiovisual de La &hellip; <a href=\"https:\/\/arxiu.laciutatinvisible.coop\/?page_id=1232\" class=\"more-link\">Continua la lectura de <span class=\"screen-reader-text\">Col\u00b7labora<\/span> <span class=\"meta-nav\">&rarr;<\/span><\/a><\/p>\n","protected":false},"author":1,"featured_media":0,"parent":0,"menu_order":9,"comment_status":"open","ping_status":"open","template":"","meta":{"footnotes":""},"_links":{"self":[{"href":"https:\/\/arxiu.laciutatinvisible.coop\/index.php?rest_route=\/wp\/v2\/pages\/1232"}],"collection":[{"href":"https:\/\/arxiu.laciutatinvisible.coop\/index.php?rest_route=\/wp\/v2\/pages"}],"about":[{"href":"https:\/\/arxiu.laciutatinvisible.coop\/index.php?rest_route=\/wp\/v2\/types\/page"}],"author":[{"embeddable":true,"href":"https:\/\/arxiu.laciutatinvisible.coop\/index.php?rest_route=\/wp\/v2\/users\/1"}],"replies":[{"embeddable":true,"href":"https:\/\/arxiu.laciutatinvisible.coop\/index.php?rest_route=%2Fwp%2Fv2%2Fcomments&post=1232"}],"version-history":[{"count":10,"href":"https:\/\/arxiu.laciutatinvisible.coop\/index.php?rest_route=\/wp\/v2\/pages\/1232\/revisions"}],"predecessor-version":[{"id":3480,"href":"https:\/\/arxiu.laciutatinvisible.coop\/index.php?rest_route=\/wp\/v2\/pages\/1232\/revisions\/3480"}],"wp:attachment":[{"href":"https:\/\/arxiu.laciutatinvisible.coop\/index.php?rest_route=%2Fwp%2Fv2%2Fmedia&parent=1232"}],"curies":[{"name":"wp","href":"https:\/\/api.w.org\/{rel}","templated":true}]}}