{"id":3470,"date":"2017-05-23T16:43:33","date_gmt":"2017-05-23T16:43:33","guid":{"rendered":"https:\/\/arxiu.laciutatinvisible.coop\/?page_id=3470"},"modified":"2017-05-23T16:56:15","modified_gmt":"2017-05-23T16:56:15","slug":"fons-audiovisual-tele-cat-pablo-molano-romero","status":"publish","type":"page","link":"https:\/\/arxiu.laciutatinvisible.coop\/?page_id=3470","title":{"rendered":"Fons audiovisual de La Tele.cat Pablo Molano Romero"},"content":{"rendered":"<h4><strong>Fons audiovisual de La Tele.cat Pablo Molano Romero<\/strong><\/h4>\n<p>Us presentem el nou fons audiovisual provinent del projecte <a href=\"http:\/\/www.latele.cat\/\">La Tele<\/a>\u00a0anomenat <strong>Pablo Molano Romero<\/strong>, company que va participar en aquest catalogant l&#8217;arxiu entre d&#8217;altres formes.<br \/>\n<a href=\"https:\/\/arxiu.laciutatinvisible.coop\/?attachment_id=3471\" rel=\"attachment wp-att-3471\"><img decoding=\"async\" loading=\"lazy\" class=\"size-large wp-image-3471 aligncenter\" src=\"https:\/\/arxiu.laciutatinvisible.coop\/wp-content\/uploads\/2017\/05\/fons-la-tele-1024x576.jpeg\" alt=\"\" width=\"474\" height=\"267\" srcset=\"https:\/\/arxiu.laciutatinvisible.coop\/wp-content\/uploads\/2017\/05\/fons-la-tele-1024x576.jpeg 1024w, https:\/\/arxiu.laciutatinvisible.coop\/wp-content\/uploads\/2017\/05\/fons-la-tele-300x169.jpeg 300w, https:\/\/arxiu.laciutatinvisible.coop\/wp-content\/uploads\/2017\/05\/fons-la-tele-768x432.jpeg 768w, https:\/\/arxiu.laciutatinvisible.coop\/wp-content\/uploads\/2017\/05\/fons-la-tele.jpeg 2048w\" sizes=\"(max-width: 474px) 100vw, 474px\" \/><\/a><\/p>\n<blockquote><p>LaTele \u00e9s un canal de comunicaci\u00f3 lliure, autogestionat i comunitari. Es va crear l&#8217;any 2003 per l&#8217;Assemblea per la Comunicaci\u00f3 Social com a resposta a la necessitat de tenir una televisi\u00f3 dels moviments socials, que serv\u00eds de cr\u00edtica i alternativa als models de comunicaci\u00f3 dominants.<\/p>\n<p>LaTele, a dia d&#8217;avui, est\u00e0 formada per un grup de persones i col\u2022lectius que considerem vital la lluita per un canal de comunicaci\u00f3 transparent, de contrainformaci\u00f3, rigor\u00f3s, creatiu i diferent. Tot i que treballem de manera totalment volunt\u00e0ria i sense massa recursos, ens sobren ganes i forces per tirar endavant. Tenim m\u00e9s o menys vinculaci\u00f3 al m\u00f3n professional de l&#8217;audiovisual, del periodisme o de la inform\u00e0tica, per\u00f2 ens uneix la idea de voler transmetre el nostre pensament sense intermediaris i sense censura, i alhora volem oferir l&#8217;espai a molta m\u00e9s gent que vulgui construir els seus missatges: creiem que aix\u00ed ens fem molt m\u00e9s fortes.<\/p><\/blockquote>\n<p><a href=\"https:\/\/arxiu.laciutatinvisible.coop\/?attachment_id=3475\" rel=\"attachment wp-att-3475\"><img decoding=\"async\" loading=\"lazy\" class=\"wp-image-3475 size-thumbnail aligncenter\" src=\"https:\/\/arxiu.laciutatinvisible.coop\/wp-content\/uploads\/2017\/05\/solidaridad-latele-cat_2_1228791-150x150.gif\" alt=\"\" width=\"150\" height=\"150\" \/><\/a><\/p>\n<p>Aqu\u00ed us deixem l&#8217;enlla\u00e7 al llistat d&#8217;arxius per a que sapigueu qu\u00e8 disposem ara mateix:<\/p>\n<p><a href=\"https:\/\/arxiu.laciutatinvisible.coop\/wp-content\/uploads\/2017\/05\/arxiu-videos-okupemlesones.xlsx\">Arxiu de videos d&#8217;okupem les ones<\/a><\/p>\n<p><a href=\"https:\/\/arxiu.laciutatinvisible.coop\/wp-content\/uploads\/2017\/05\/arxiu-cintes-de-rodatge-de-la-tele.xls\">Arxiu de cintes de rodatge de La Tele<\/a><\/p>\n<p>Poc a poc anirem detallant el contingut, ampliant el fons tot \u00a0integrant-ho al que ja dispos\u00e0vem.<\/p>\n<p>Tingueu present que aquest arxiu est\u00e0 format per cintes de VHS, DVD i CD. En el cas del VHS si coneixeu alg\u00fa que disposim de la tecnologia per a fer la transformaci\u00f3 a DVD o en digital per a guardar-ho en disc dur n&#8217;estarem molt agra\u00efdes.<\/p>\n<p>A disfrutar-ho!<\/p>\n","protected":false},"excerpt":{"rendered":"<p>Fons audiovisual de La Tele.cat Pablo Molano Romero Us presentem el nou fons audiovisual provinent del projecte La Tele\u00a0anomenat Pablo Molano Romero, company que va participar en aquest catalogant l&#8217;arxiu entre d&#8217;altres formes. LaTele \u00e9s un canal de comunicaci\u00f3 lliure, autogestionat i comunitari. Es va crear l&#8217;any 2003 per l&#8217;Assemblea per la Comunicaci\u00f3 Social com &hellip; <a href=\"https:\/\/arxiu.laciutatinvisible.coop\/?page_id=3470\" class=\"more-link\">Continua la lectura de <span class=\"screen-reader-text\">Fons audiovisual de La Tele.cat Pablo Molano Romero<\/span> <span class=\"meta-nav\">&rarr;<\/span><\/a><\/p>\n","protected":false},"author":1,"featured_media":0,"parent":3374,"menu_order":0,"comment_status":"closed","ping_status":"closed","template":"page-templates\/full-width.php","meta":{"footnotes":""},"_links":{"self":[{"href":"https:\/\/arxiu.laciutatinvisible.coop\/index.php?rest_route=\/wp\/v2\/pages\/3470"}],"collection":[{"href":"https:\/\/arxiu.laciutatinvisible.coop\/index.php?rest_route=\/wp\/v2\/pages"}],"about":[{"href":"https:\/\/arxiu.laciutatinvisible.coop\/index.php?rest_route=\/wp\/v2\/types\/page"}],"author":[{"embeddable":true,"href":"https:\/\/arxiu.laciutatinvisible.coop\/index.php?rest_route=\/wp\/v2\/users\/1"}],"replies":[{"embeddable":true,"href":"https:\/\/arxiu.laciutatinvisible.coop\/index.php?rest_route=%2Fwp%2Fv2%2Fcomments&post=3470"}],"version-history":[{"count":5,"href":"https:\/\/arxiu.laciutatinvisible.coop\/index.php?rest_route=\/wp\/v2\/pages\/3470\/revisions"}],"predecessor-version":[{"id":3478,"href":"https:\/\/arxiu.laciutatinvisible.coop\/index.php?rest_route=\/wp\/v2\/pages\/3470\/revisions\/3478"}],"up":[{"embeddable":true,"href":"https:\/\/arxiu.laciutatinvisible.coop\/index.php?rest_route=\/wp\/v2\/pages\/3374"}],"wp:attachment":[{"href":"https:\/\/arxiu.laciutatinvisible.coop\/index.php?rest_route=%2Fwp%2Fv2%2Fmedia&parent=3470"}],"curies":[{"name":"wp","href":"https:\/\/api.w.org\/{rel}","templated":true}]}}

<h4><strong>Fons audiovisual de La Tele.cat Pablo Molano Romero</strong></h4>
<p>Us presentem el nou fons audiovisual provinent del projecte <a href="http://www.latele.cat/">La Tele</a> anomenat <strong>Pablo Molano Romero</strong>, company que va participar en aquest catalogant l&#8217;arxiu entre d&#8217;altres formes.<br />
<a href="https://arxiu.laciutatinvisible.coop/?attachment_id=3471" rel="attachment wp-att-3471"><img decoding="async" loading="lazy" class="size-large wp-image-3471 aligncenter" src="https://arxiu.laciutatinvisible.coop/wp-content/uploads/2017/05/fons-la-tele-1024x576.jpeg" alt="" width="474" height="267" srcset="https://arxiu.laciutatinvisible.coop/wp-content/uploads/2017/05/fons-la-tele-1024x576.jpeg 1024w, https://arxiu.laciutatinvisible.coop/wp-content/uploads/2017/05/fons-la-tele-300x169.jpeg 300w, https://arxiu.laciutatinvisible.coop/wp-content/uploads/2017/05/fons-la-tele-768x432.jpeg 768w, https://arxiu.laciutatinvisible.coop/wp-content/uploads/2017/05/fons-la-tele.jpeg 2048w" sizes="(max-width: 474px) 100vw, 474px" /></a></p>
<blockquote><p>LaTele és un canal de comunicació lliure, autogestionat i comunitari. Es va crear l&#8217;any 2003 per l&#8217;Assemblea per la Comunicació Social com a resposta a la necessitat de tenir una televisió dels moviments socials, que servís de crítica i alternativa als models de comunicació dominants.</p>
<p>LaTele, a dia d&#8217;avui, està formada per un grup de persones i col•lectius que considerem vital la lluita per un canal de comunicació transparent, de contrainformació, rigorós, creatiu i diferent. Tot i que treballem de manera totalment voluntària i sense massa recursos, ens sobren ganes i forces per tirar endavant. Tenim més o menys vinculació al món professional de l&#8217;audiovisual, del periodisme o de la informàtica, però ens uneix la idea de voler transmetre el nostre pensament sense intermediaris i sense censura, i alhora volem oferir l&#8217;espai a molta més gent que vulgui construir els seus missatges: creiem que així ens fem molt més fortes.</p></blockquote>
<p><a href="https://arxiu.laciutatinvisible.coop/?attachment_id=3475" rel="attachment wp-att-3475"><img decoding="async" loading="lazy" class="wp-image-3475 size-thumbnail aligncenter" src="https://arxiu.laciutatinvisible.coop/wp-content/uploads/2017/05/solidaridad-latele-cat_2_1228791-150x150.gif" alt="" width="150" height="150" /></a></p>
<p>Aquí us deixem l&#8217;enllaç al llistat d&#8217;arxius per a que sapigueu què disposem ara mateix:</p>
<p><a href="https://arxiu.laciutatinvisible.coop/wp-content/uploads/2017/05/arxiu-videos-okupemlesones.xlsx">Arxiu de videos d&#8217;okupem les ones</a></p>
<p><a href="https://arxiu.laciutatinvisible.coop/wp-content/uploads/2017/05/arxiu-cintes-de-rodatge-de-la-tele.xls">Arxiu de cintes de rodatge de La Tele</a></p>
<p>Poc a poc anirem detallant el contingut, ampliant el fons tot  integrant-ho al que ja disposàvem.</p>
<p>Tingueu present que aquest arxiu està format per cintes de VHS, DVD i CD. En el cas del VHS si coneixeu algú que disposim de la tecnologia per a fer la transformació a DVD o en digital per a guardar-ho en disc dur n&#8217;estarem molt agraïdes.</p>
<p>A disfrutar-ho!</p>

<p>Fons audiovisual de La Tele.cat Pablo Molano Romero Us presentem el nou fons audiovisual provinent del projecte La Tele anomenat Pablo Molano Romero, company que va participar en aquest catalogant l&#8217;arxiu entre d&#8217;altres formes. LaTele és un canal de comunicació lliure, autogestionat i comunitari. Es va crear l&#8217;any 2003 per l&#8217;Assemblea per la Comunicació Social com &hellip; <a href="https://arxiu.laciutatinvisible.coop/?page_id=3470" class="more-link">Continua la lectura de <span class="screen-reader-text">Fons audiovisual de La Tele.cat Pablo Molano Romero</span> <span class="meta-nav">&rarr;</span></a></p>
