{"id":44,"date":"2010-09-13T17:53:09","date_gmt":"2010-09-13T17:53:09","guid":{"rendered":"http:\/\/arxiudelaciutat.wordpress.com\/"},"modified":"2016-11-01T15:59:11","modified_gmt":"2016-11-01T15:59:11","slug":"qui-som","status":"publish","type":"page","link":"https:\/\/arxiu.laciutatinvisible.coop\/","title":{"rendered":"El projecte"},"content":{"rendered":"<p style=\"text-align: justify;\">El Centre de Documentaci\u00f3 La Ciutat Invisible t\u00e9 per objectiu recollir els materials i continguts que generen els moviments socials de base de la ciutat de Barcelona i la seva \u00e0rea d\u2019influ\u00e8ncia, i donar-los difusi\u00f3 per mitj\u00e0 de projectes editorials, dossiers, audiovisuals o altres pr\u00e0ctiques divulgatives, aix\u00ed com la promoci\u00f3 de la recerca en les tem\u00e0tiques relacionades amb els moviments socials i pol\u00edtics i les seves actuacions. L\u2019abast cronol\u00f2gic fonamental del Centre de Documentaci\u00f3 \u00e9s des de l\u2019etapa coneguda com <em>Transici\u00f3<\/em> fins l\u2019actualitat.<br \/>\nLa documentaci\u00f3 de qu\u00e8 es disposa son els materials d\u2019an\u00e0lisi i resposta dels propis moviments socials, aix\u00ed com altres agents socials (mitjans de comunicaci\u00f3, organismes oficials, etc.). Aquesta documentaci\u00f3, (generalment molt propensa a caure en l\u2019oblit) permet investigar a una gran varietat d\u2019usuaris: des dels estudiants d\u2019institut fins els universitaris, passant pels col\u00b7lectius que preparen una campanya o persones a t\u00edtol individual que estan interessades en un tema en concret.<\/p>\n<p>&nbsp;<\/p>\n","protected":false},"excerpt":{"rendered":"<p>El Centre de Documentaci\u00f3 La Ciutat Invisible t\u00e9 per objectiu recollir els materials i continguts que generen els moviments socials de base de la ciutat de Barcelona i la seva \u00e0rea d\u2019influ\u00e8ncia, i donar-los difusi\u00f3 per mitj\u00e0 de projectes editorials, dossiers, audiovisuals o altres pr\u00e0ctiques divulgatives, aix\u00ed com la promoci\u00f3 de la recerca en les &hellip; <a href=\"https:\/\/arxiu.laciutatinvisible.coop\/\" class=\"more-link\">Continua la lectura de <span class=\"screen-reader-text\">El projecte<\/span> <span class=\"meta-nav\">&rarr;<\/span><\/a><\/p>\n","protected":false},"author":2,"featured_media":0,"parent":0,"menu_order":2,"comment_status":"open","ping_status":"open","template":"page-templates\/full-width.php","meta":{"footnotes":""},"_links":{"self":[{"href":"https:\/\/arxiu.laciutatinvisible.coop\/index.php?rest_route=\/wp\/v2\/pages\/44"}],"collection":[{"href":"https:\/\/arxiu.laciutatinvisible.coop\/index.php?rest_route=\/wp\/v2\/pages"}],"about":[{"href":"https:\/\/arxiu.laciutatinvisible.coop\/index.php?rest_route=\/wp\/v2\/types\/page"}],"author":[{"embeddable":true,"href":"https:\/\/arxiu.laciutatinvisible.coop\/index.php?rest_route=\/wp\/v2\/users\/2"}],"replies":[{"embeddable":true,"href":"https:\/\/arxiu.laciutatinvisible.coop\/index.php?rest_route=%2Fwp%2Fv2%2Fcomments&post=44"}],"version-history":[{"count":36,"href":"https:\/\/arxiu.laciutatinvisible.coop\/index.php?rest_route=\/wp\/v2\/pages\/44\/revisions"}],"predecessor-version":[{"id":3418,"href":"https:\/\/arxiu.laciutatinvisible.coop\/index.php?rest_route=\/wp\/v2\/pages\/44\/revisions\/3418"}],"wp:attachment":[{"href":"https:\/\/arxiu.laciutatinvisible.coop\/index.php?rest_route=%2Fwp%2Fv2%2Fmedia&parent=44"}],"curies":[{"name":"wp","href":"https:\/\/api.w.org\/{rel}","templated":true}]}}

<p style="text-align: justify;">El Centre de Documentació La Ciutat Invisible té per objectiu recollir els materials i continguts que generen els moviments socials de base de la ciutat de Barcelona i la seva àrea d’influència, i donar-los difusió per mitjà de projectes editorials, dossiers, audiovisuals o altres pràctiques divulgatives, així com la promoció de la recerca en les temàtiques relacionades amb els moviments socials i polítics i les seves actuacions. L’abast cronològic fonamental del Centre de Documentació és des de l’etapa coneguda com <em>Transició</em> fins l’actualitat.<br />
La documentació de què es disposa son els materials d’anàlisi i resposta dels propis moviments socials, així com altres agents socials (mitjans de comunicació, organismes oficials, etc.). Aquesta documentació, (generalment molt propensa a caure en l’oblit) permet investigar a una gran varietat d’usuaris: des dels estudiants d’institut fins els universitaris, passant pels col·lectius que preparen una campanya o persones a títol individual que estan interessades en un tema en concret.</p>
<p>&nbsp;</p>

<p>El Centre de Documentació La Ciutat Invisible té per objectiu recollir els materials i continguts que generen els moviments socials de base de la ciutat de Barcelona i la seva àrea d’influència, i donar-los difusió per mitjà de projectes editorials, dossiers, audiovisuals o altres pràctiques divulgatives, així com la promoció de la recerca en les &hellip; <a href="https://arxiu.laciutatinvisible.coop/" class="more-link">Continua la lectura de <span class="screen-reader-text">El projecte</span> <span class="meta-nav">&rarr;</span></a></p>
